3*v - 5792 = -4*w - 0*v. What are the prime factors of w?
2, 181
Let i(r) = -243*r + 1436. List the prime factors of i(-82).
2, 11, 971
Let z be (((-105)/2)/5)/((-3)/4). Suppose -z = -2*k - 10. Let i(b) = 75*b. List the prime factors of i(k).
2, 3, 5
Let n be ((-12)/16)/(1/(-4)). Suppose -5*i - 3*c + 355 = 0, -n*c + 5*c = 4*i - 262. Suppose i*z - 65*z = 609. List the prime factors of z.
7, 29
Let m = 9796 + -6769. Let j = -2130 + m. List the prime factors of j.
3, 13, 23
Let v(r) = 2*r + 16. Let p be v(-10). Let f(q) = 6*q + 32. Let l be f(p). Suppose -6*n - 558 = -l*n. What are the prime factors of n?
3, 31
Let q = 2765 - 5648. List the prime factors of q/6*-2 + (-6 - -10).
5, 193
Let d = -56 + 55. Let q be 0 + -5*((-4)/d - 1). What are the prime factors of 36/5*(-50)/q*7?
2, 3, 7
Let n(x) = 2*x**2 - 26*x + 86. Let d be n(6). Suppose 5*c = -d*a + 2305, c - 2*c = -3*a - 444. List the prime factors of c.
3, 17
Suppose 6309*y - 6300*y = -360. Let n(r) = -75*r. Let s be n(1). Let w = y - s. What are the prime factors of w?
5, 7
Let p(m) = -6*m**2 - 7*m - 58. Let s(o) = -2*o**2 - o - 1. Let f(c) = -p(c) + s(c). List the prime factors of f(-10).
397
Let c(w) = -16268*w - 114. List the prime factors of c(-2).
2, 13, 29, 43
Let w(v) be the second derivative of v**4/4 + v**3 + 26*v**2 - v - 43. List the prime factors of w(11).
13, 37
Let n be 8/(-6)*9 + 4. Let u = n + 16. Suppose 2*i = -6, p + 3*i - 42 = -u. List the prime factors of p.
43
Let t(w) = 57*w - 3. Suppose -25*j + 30*j - 20 = 0. List the prime factors of t(j).
3, 5
Suppose -5*i + 0*i + 1620230 = 32*i. List the prime factors of i.
2, 5, 29, 151
Suppose -x - 14 = -5. Let a = -183 - -193. What are the prime factors of x/(-45) - (2 - 568/a)?
5, 11
Let a be 4628/28 + 4*3/(-42). Suppose 5*v = u - 427, 3*u + 79 = -v - 0*u. Let i = v + a. List the prime factors of i.
2, 5
Let m = 6664 + -485. List the prime factors of m.
37, 167
Let x = 1381 + 6210. List the prime factors of x.
7591
Suppose -14*w + 30*w + 3*w = 162279. What are the prime factors of w?
3, 13, 73
Suppose 1190346 = 33*i - 13593. What are the prime factors of i?
3, 12161
Suppose 4*q - 5*i - 86713 = 144107, -57719 = -q + 3*i. List the prime factors of q.
5, 11, 1049
Suppose 6 = 2*k + 3*f, 2*f = -5*k + 4*f - 4. Suppose k*l - 4*q = -3*l - 41, -4*l = -4*q + 52. Let m = l + 91. List the prime factors of m.
2, 5
Let d = 163489 + -87138. What are the prime factors of d?
11, 631
Let j(g) = 133*g**2 + 87*g - 898. List the prime factors of j(19).
2, 3, 127
Suppose -24*i + 28*i + 380 = 0. Let r be 464*i/(-70) - (-2)/7. Let p = r + -409. What are the prime factors of p?
13, 17
Let k = -13287 - -24233. What are the prime factors of k?
2, 13, 421
Let v = -112 - -114. Let b = 331 + -125. Suppose 8 + b = 5*z + 2*l, -z = v*l - 46. What are the prime factors of z?
2, 3, 7
Let a(d) = -2*d**2 + 19*d + 12. Let s be a(10). Suppose r = -3*z + z - 11, -s*z = -2*r + 2. List the prime factors of (6 - r)/(6/52).
2, 3, 13
Suppose -11*s - 6350 = -45664. What are the prime factors of s?
2, 1787
Let q(h) = 186*h**2 + 47*h + 206. List the prime factors of q(-8).
2, 5867
Let d = 22 - 22. Suppose d = -4*y + 167 - 59. Let r = -2 + y. What are the prime factors of r?
5
Let p = 13151 + 2258. List the prime factors of p.
19, 811
Let o(z) = z + 5. Let v be o(-5). Suppose -2*h + v*d = 3*d + 7, -69 = 4*h - 5*d. What are the prime factors of 120/2 + 33/h?
3, 19
Suppose 0 = 4*i - 4 - 28. Suppose i*h - 3*h - 60 = 0. List the prime factors of ((-3)/h)/((-6)/1464).
61
Let r be -6 + 1 - (-1 - 6). Suppose -q + 4*q + 4*g = -1198, -2*q - 800 = r*g. List the prime factors of q/(-5 - (-2 - (0 + 1))).
3, 67
Suppose 2 = 15*b - 13*b. Let r(w) = 272*w**2 - w. Let y be r(b). Let h = y - 143. What are the prime factors of h?
2
Let i(t) = t**2 + t - 60. Let q be i(-10). What are the prime factors of 201 - 10/(q/9)?
2, 3, 11
List the prime factors of 3/((-27)/12) - (-792278)/267.
2, 1483
Let a(u) = 42*u + 74. Let w(d) = 40*d + 73. Let b(r) = -4*a(r) + 5*w(r). List the prime factors of b(8).
5, 13
Suppose 5*h + 4*h - 99 = 0. Let x(n) = -n**2 + 10*n + 16. Let w be x(h). Suppose -w*v - 11 = -116. What are the prime factors of v?
3, 7
Suppose 49*s - 347689 = 375337 - 219453. What are the prime factors of s?
43, 239
Let z be -2 + 2 + -2 - 2/(-1). Suppose z = 3*u - 151 - 149. Let f = u + -35. What are the prime factors of f?
5, 13
Suppose 2*j - 330 - 73 = -5*o, -3*o = 3*j - 582. Let z = j + -119. Let x = z + -51. What are the prime factors of x?
19
Let g(m) = -93*m + 249 + 67*m + 40*m. List the prime factors of g(10).
389
Let v(f) = 4*f**2 - 2*f - 9. Let o be v(3). Suppose 6080 = -5*d + o*d. List the prime factors of d.
2, 5, 19
Suppose -12480*w = -12483*w + 12651. List the prime factors of w.
4217
Let w = -57 + 47. What are the prime factors of -4 - (41*w + 1)?
3, 5
Let r(q) = q**2 - 4*q - 3. Let z be r(0). Let d(k) = -25*k**3 - 5*k - 14. List the prime factors of d(z).
2, 13
Let x be (15/(-9))/((-1)/3). Suppose 0 = -x*p - g - 60, -5*p - 60 = -2*g + 6*g. List the prime factors of -4 - ((-1193)/6 + 2/p).
3, 5, 13
Suppose -q + 6*q = 95. Suppose 4*i + 4*c - c = -81, q = -i - c. List the prime factors of 0 + (-1062)/i + 1/(-4).
2, 11
Suppose -11*w = -9*w - 5*k - 101418, w = -5*k + 50724. List the prime factors of w.
2, 25357
Suppose 0 = 18*i - 8*i - 1869 - 16081. What are the prime factors of i?
5, 359
Suppose -2445 = -8*b + 6*b - 3*d, -b = -18*d - 1086. List the prime factors of b.
2, 3, 101
Let l(a) = a**3 - 10*a**2 + 16*a. Let f = -68 + 76. Let m be l(f). Suppose -4 = -4*q, 2*o - 2*q + 5*q - 95 = m. What are the prime factors of o?
2, 23
Let k = -43342 - -44399. List the prime factors of k.
7, 151
Let x = 4036 + -5679. Let c = x - -2579. List the prime factors of c.
2, 3, 13
Suppose 220 = -3*k + 232. Suppose 0 = -k*d - 301 + 1797. What are the prime factors of d?
2, 11, 17
Let h(w) = -w**3 + 7*w**2 + w + 5. Let u be h(7). Suppose -5432 = -u*d + 9460. List the prime factors of d.
17, 73
Let w(t) = -9*t**2 + 483*t + 99. What are the prime factors of w(50)?
3, 11, 53
What are the prime factors of (1*(-1 + 4))/((-2)/(-85448)*12)?
11, 971
Suppose 0 = -1060*p + 1047*p + 44070. What are the prime factors of p?
2, 3, 5, 113
Let w be ((-49)/35 + 1)*(-5)/1. What are the prime factors of 593/w - (-35)/14?
13, 23
List the prime factors of ((-8)/(-5))/4 - 1436386/(-35).
2, 3, 5, 19
Let i be 18/((-4)/32*-6). Suppose -2030 = i*j - 31*j. What are the prime factors of j?
2, 5, 29
List the prime factors of ((-326376)/84)/(11/(-1232)*12).
2, 3, 1511
Let w(a) = 78 + 72 - 1 + 69 - 9*a. Let f be w(0). Suppose 0 = -2*p - 2*q + f, 0*q - q - 307 = -3*p. What are the prime factors of p?
2, 13
Suppose -2*t - 5*c + 773 = 0, t - 2*c - 1534 = -3*t. Let x be ((-8)/6)/(5 + 47/(-9)). Suppose -x*j = 2*j - t. What are the prime factors of j?
2, 3
Let p(v) = 113*v**2 - 4*v + 1. Suppose -31*t + 37*t + 12 = 0. List the prime factors of p(t).
461
Suppose -4*z = 3*l - 59158, 8*z - 3*l - 73934 = 3*z. What are the prime factors of z?
2, 3697
Suppose 4*d + 3*w + 154 = 748, -4*w + 8 = 0. Let v be -5*(3/5 - (-2344)/(-20)). Suppose 10*n - d = v. What are the prime factors of n?
73
Suppose 560 - 8414 = -6*p + 19812. What are the prime factors of p?
3, 29, 53
List the prime factors of 60292/8 + (-3)/(-12)*-6.
5, 11, 137
Let i(s) = -2505*s + 504. List the prime factors of i(-2).
2, 3, 919
What are the prime factors of 3*14/(56/6932)?
3, 1733
Suppose 0*y = 3*y + w - 40, -3*w = y - 8. Suppose 0 = 6*v - 3*v + 3*z + 18, -v = -4*z - y. List the prime factors of v*2/(-20)*10.
2
Suppose -3*s + 14725 = 4*k, -4*k + s = -7*k + 11045. List the prime factors of k.
2, 7, 263
Let m = 4512 - 3442. What are the prime factors of m?
2, 5, 107
Let j be 48/6 + -8 + -5 + -1. Let s be 926/j*(2 - (3 - -2)). Suppose -s = -9*m + 599. What are the prime factors of m?
2, 59
Let c(n) be the second derivative of n**5/15 + 2*n**4 - 3*n**3 + 20*n. Let i(p) be the second derivative of c(p). What are the prime factors of i(15)?
2, 3, 7
Let s(f) be the second derivative of 1/20*f**5 - 13*f + 0 - 1/2*f**3 - 2/3*f**4 - 1/2*f**2. What are the prime factors of s(9)?
53
Let j = 5 + 14. Suppose 8*t - 900 + 332 = 0. Suppose r - j - t = 0. What are the prime factors of r?
2, 3, 5
Let